et z(p) = -p**2 - 7*p + 1. Let u be z(-7). Let n be (-4)/(-14) + 32/(-14). Let s be (n + 2 + 1)/u. Calculate the greatest common factor of s and 1.
1
Let s = -1 + 11. Let c(n) = -n**3 + 5*n**2 - 2*n + 2. Let p be c(5). Let u = s + p. What is the highest common factor of u and 10?
2
Let k(r) = -r**3 - 4*r**2 - 10*r - 6. Let f be k(-4). Calculate the highest common divisor of f and 238.
34
Let c = 629 + -341. Suppose 78 = -5*n + c. Calculate the greatest common factor of 6 and n.
6
Let c be (28 - 7 - 5)/(3 + -1). Calculate the highest common factor of 64 and c.
8
Suppose 0*o + 3 = o. Suppose o*p = -m + 15, -5*p - 4*m + 25 = m. Suppose p*z = z + 168. Calculate the greatest common factor of 14 and z.
14
Let z be (-3 - (-1 + 2)) + 64. Calculate the greatest common divisor of 40 and z.
20
Suppose -4*x + 111 = -1. Let f = 2 - -2. What is the greatest common divisor of f and x?
4
Let q(b) = -b**2 + 5*b + 7. Suppose 5*u + 4*n = -21, 0 = -u + 5*n + 22 - 3. Let v be (-25)/15*u*3. Let o be q(v). What is the highest common factor of 7 and o?
7
Suppose -5*b = -136 - 214. Suppose 6*w = 4*w + 20. Calculate the greatest common factor of b and w.
10
Let b be 4/(-8) + (-10)/(-4). Suppose 2*t + 0 - 2 = 3*a, t + b*a = 8. Calculate the highest common divisor of 32 and t.
4
Let d(f) = f**3 + 4*f**2 + 2*f - 3. Let z be d(-3). Suppose -v = -2*s - 7 - 92, z = -v + 3*s + 101. What is the greatest common factor of v and 19?
19
Suppose 350 = 5*z + 105. What is the greatest common factor of 7 and z?
7
Suppose 4*i - 291 = -5*s + 2*s, -5*i = 4*s - 365. What is the greatest common divisor of 23 and i?
23
Let o(s) = 2*s**2. Let b be o(2). Let n = 117 - 29. Calculate the highest common divisor of b and n.
8
Let a = 34 + -11. What is the highest common divisor of 161 and a?
23
Suppose -5*k - 3*y + 12 = 0, 2*y = 3*k - k - 8. Suppose k*q + 2*q - 75 = 0. Calculate the greatest common factor of 105 and q.
15
Suppose -2*p - 2*m + 30 = -10, 0 = 5*p - 3*m - 60. Let s = 103 + -28. Calculate the greatest common divisor of s and p.
15
Let q = 113 + -77. Let n(t) = t**3 - 10*t**2 + 10*t - 6. Let j be n(9). Suppose -4*w + 24 = -j*w. Calculate the highest common factor of w and q.
12
Let s be -5*12/(-10) - 2. Calculate the highest common factor of 12 and s.
4
Let k = -53 + 80. Calculate the greatest common divisor of k and 18.
9
Suppose 5*c - 10 = -0*c. Suppose -c*n + 162 - 50 = 0. Let z = -9 - -17. What is the greatest common factor of z and n?
8
Suppose -5*r - o = -236, 0 = 8*r - 3*r + 5*o - 220. Calculate the highest common factor of 12 and r.
12
Let i(y) = y**3 + 6*y**2 + 7. Let r be i(-6). Let k = -26 + 40. Calculate the greatest common factor of k and r.
7
Let l(a) = -16*a**3 - a**2 - a - 1. Let b be l(-1). What is the greatest common factor of 60 and b?
15
Suppose 3*u - r - 13 = -0*r, -3*r + 31 = 5*u. What is the highest common divisor of u and 2?
1
Suppose 3*y - 15 = -3*u, -5*u = -4*y - 2*u - 15. Suppose 4*x + x - 20 = y. Let g(h) = 2*h - 3. Let f be g(x). Calculate the greatest common divisor of f and 40.
5
Let f be 224/21 - 6/9. What is the greatest common divisor of f and 90?
10
Let p = 5 + -1. Suppose -p*k + 24 = -k. Suppose 0 = n - 38 - 10. Calculate the greatest common factor of k and n.
8
Let n be -1 - (-6 + (-4)/(-2)). Let x be -3 + n - (-39 - 1). Suppose 22 = 3*s - 2. What is the highest common factor of x and s?
8
Let u be 6/(-15) - 192/(-30). What is the highest common factor of u and 102?
6
Suppose 54 = 4*h + 2*h. Let r be 11/(-33) + 56/6. Calculate the greatest common divisor of r and h.
9
Let x be (2 - -4)*(0 - -1). Suppose 5*i + s = 209, 5*i = -2*s + 6*s + 214. Calculate the greatest common divisor of x and i.
6
Suppose 8*i - 7*i = 10. Suppose 8*b = 3*b + 50. What is the greatest common divisor of i and b?
10
Let o(m) = 3*m**2 + 5*m - 5. Let i be o(4). Suppose 19 = -4*y + i. What is the greatest common divisor of y and 11?
11
Let n(s) = s + 1. Let b be n(4). What is the greatest common divisor of 20 and b?
5
Let s = 6 + -10. Let k = s - -9. What is the highest common divisor of 10 and k?
5
Let o = 21 + 3. Calculate the greatest common divisor of 6 and o.
6
Let p(q) = -q**3 + 5*q**2 - 2*q. Let u be p(4). Suppose -3*a - u = -5*a. Suppose a*j - 70 = -14. Calculate the greatest common factor of 28 and j.
14
Let a = 9 - 4. Suppose 90 = -3*k + a*k. Suppose 3*q - 2*t + 10 - k = 0, -5*t = -3*q + 38. What is the greatest common factor of 77 and q?
11
Let x(y) = -y**2 - 8*y - 6. Let r be x(-4). Suppose c = -4*c + r. Suppose 0*q - 15 = 3*q, c*q - 38 = -2*j. What is the highest common factor of j and 8?
8
Suppose -165 = 41*h - 44*h. What is the greatest common factor of h and 165?
55
Suppose -4*h = -2*h + 3*j - 42, 0 = 5*h + j - 92. What is the greatest common factor of 90 and h?
18
Let n be (-3940)/(-100) - 6/(-10). Calculate the highest common factor of 8 and n.
8
Let y be (-5304)/(-42) + ((-4)/7)/2. Let i(k) = -4*k + 2. Let o be i(-4). Calculate the greatest common factor of y and o.
18
Suppose -4*c + 4*p + 36 = 0, -3*c - 5*p = -0*p - 67. What is the greatest common divisor of c and 7?
7
Let n = -21 + 30. Suppose s - 32 = -n. Let r(t) = -127*t - 1. Let m be r(-2). What is the greatest common divisor of s and m?
23
Let c be (-766)/(-5) + 4/(-20). Calculate the highest common factor of c and 102.
51
Let o(x) = 10*x + 24. Let r be o(0). Calculate the highest common factor of 16 and r.
8
Let f(o) = -o**3 + 5*o**2 + o - 1. Let u be f(5). Suppose -2 - u = -r. Calculate the greatest common factor of r and 3.
3
Let o be 1/3 + (-23)/(-3). Let v be 0 + 2 + (-21)/3. Let l = v + o. Calculate the greatest common factor of 24 and l.
3
Let r = 9 - 7. Suppose 0 = -v + r*v - 1. Let y = v + 3. Calculate the highest common divisor of 12 and y.
4
Suppose 0 = -a + 2 + 43. Calculate the highest common factor of a and 105.
15
Let d be ((-15)/12)/((2 - 5)/84). Calculate the greatest common factor of d and 7.
7
Let q = 5 - -9. Calculate the greatest common factor of 126 and q.
14
Suppose 16 + 4 = -5*h, 2*v - 10 = 2*h. Let y be (-11)/((-1)/v + 0). Calculate the greatest common divisor of y and 11.
11
Suppose 2*k - 135 = -k. Suppose 8 + 1 = l. What is the greatest common factor of l and k?
9
Suppose -w - w = -92. What is the greatest common divisor of 69 and w?
23
Suppose -s + 2*x - 5 - 1 = 0, x - 4 = 0. What is the highest common divisor of s and 8?
2
Suppose -2 + 29 = 3*c. Calculate the highest common factor of 63 and c.
9
Let z be 29 - (1 - (3 + 1)). Let i = 5 - 3. Suppose -i*b + 0*b - 42 = -c, 246 = 5*c + 2*b. What is the greatest common divisor of c and z?
16
Suppose 0*w + 5*w - 5*c = 330, c = 3. Calculate the greatest common factor of 23 and w.
23
Suppose 4*h + 4*k = 58 + 46, k = 4*h - 114. Let t be ((-30)/4)/(-3)*2. Suppose 2 = n - t. Calculate the highest common divisor of h and n.
7
Let p be ((-216)/10)/(2/(-30)). What is the highest common divisor of 36 and p?
36
Let p(z) = -7*z**2 + 3 - 4*z + 3*z + z**3 + 7 + 3*z. Let q = 7 - 0. Let w be p(q). Calculate the highest common factor of 3 and w.
3
Let s = -62 - -89. Calculate the highest common divisor of s and 3.
3
Let l = 78 - 48. What is the highest common factor of l and 20?
10
Let w(u) = -5*u. Let k be w(-1). Suppose 0 = k*a + 6*x - x - 35, 4*a - 8 = x. Suppose -46 = -a*p + 206. Calculate the highest common divisor of p and 12.
12
Let u = 9 + 1. What is the highest common divisor of u and 70?
10
Let u(o) = o + 7. Let x be u(-3). Calculate the greatest common divisor of 32 and x.
4
Suppose -3*q - 1 = 3*o - 7, q = -1. Suppose 9 = 4*l + s, -4*l + o*s + 7 = l. What is the highest common factor of 18 and l?
2
Suppose 3*j + 0*j = z + 5, 0 = -4*z + j + 13. Suppose 4*l + 0*c = c + 15, 4*l + 3*c - 19 = 0. Let q = l + z. What is the greatest common factor of 64 and q?
8
Suppose 3*o = 2*j - 1, -5*o + 37 = 2*j + 12. Suppose -3*f - 5 = -14. Calculate the highest common divisor of f and o.
3
Let h = -72 - -97. Calculate the highest common divisor of h and 200.
25
Let i be (30/(-2))/(3/(-3)). Calculate the greatest common factor of 120 and i.
15
Let r(v) = 3*v - 9. Let b be r(4). Suppose 2*l + 4*c = 38, l = -0*l + b*c + 4. Calculate the highest common factor of 52 and l.
13
Let u be (20/6)/(2/6). Suppose -y + u = -6*y. Let r = 0 - y. What is the greates